{"id":1876,"date":"2020-09-10T04:32:48","date_gmt":"2020-09-10T04:32:48","guid":{"rendered":"http:\/\/lessnullvoid.cc\/content\/?page_id=1876"},"modified":"2025-12-02T18:50:46","modified_gmt":"2025-12-02T18:50:46","slug":"microhm","status":"publish","type":"page","link":"https:\/\/lessnullvoid.cc\/content\/microhm\/","title":{"rendered":"Microhm"},"content":{"rendered":"\n<figure class=\"wp-block-image size-large is-resized\"><img loading=\"lazy\" decoding=\"async\" width=\"785\" height=\"441\" src=\"https:\/\/lessnullvoid.cc\/content\/wp-content\/uploads\/2023\/11\/Leslie-2-785x441.jpg\" alt=\"\" class=\"wp-image-1927\" style=\"width:786px;height:441px\" srcset=\"https:\/\/lessnullvoid.cc\/content\/wp-content\/uploads\/2023\/11\/Leslie-2-785x441.jpg 785w, https:\/\/lessnullvoid.cc\/content\/wp-content\/uploads\/2023\/11\/Leslie-2-285x160.jpg 285w, https:\/\/lessnullvoid.cc\/content\/wp-content\/uploads\/2023\/11\/Leslie-2-768x431.jpg 768w\" sizes=\"auto, (max-width: 785px) 100vw, 785px\" \/><\/figure>\n\n\n\n<hr class=\"wp-block-separator has-css-opacity\"\/>\n\n\n\n<div class=\"wp-block-group\"><div class=\"wp-block-group__inner-container is-layout-flow wp-block-group-is-layout-flow\">\n<div class=\"wp-block-columns is-layout-flex wp-container-core-columns-is-layout-9d6595d7 wp-block-columns-is-layout-flex\">\n<div class=\"wp-block-column is-layout-flow wp-block-column-is-layout-flow\">\n<p class=\"has-medium-font-size\"><strong>Microhm<\/strong> is the sonic alias of Mexican artist Leslie Garc\u00eda, where she explores the intersections of experimental sound design, Latin diasporic rhythms, and the intensity of contemporary club music. Her practice moves fluidly between music production, live performance, and algorithmic experimentation, crafting dense sonic landscapes shaped by processed noise, minimalist textures, and intricate rhythmic structures. With releases on labels like Infinite Machine and Terminal and NAFFI, Microhm has established a signature sound that is both visceral and emotionally charged. Her DJ sets and live performances bridge the dancefloor and immersive listening spaces, unfolding as sonic narratives that challenge conventional club formats. She is currently based between Mexico City and Berlin, where she is a DAAD Sound &amp; Music Fellow 2025 as part of Interspecifics.<\/p>\n\n\n\n<p><\/p>\n<\/div>\n\n\n\n<div class=\"wp-block-column is-layout-flow wp-block-column-is-layout-flow\">\n<p class=\"has-medium-font-size\"><strong>Microhm<\/strong>\u00a0es el alias de la artista mexicana Leslie Garc\u00eda, donde explora las intersecciones entre el dise\u00f1o sonoro experimental, los ritmos de la di\u00e1spora latina y la intensidad del techno contempor\u00e1neo. Su pr\u00e1ctica se mueve entre la producci\u00f3n musical, la performance y la experimentaci\u00f3n algor\u00edtmica, desarrollando paisajes sonoros cargados de texturas densas, ruido procesado y estructuras r\u00edtmicas complejas. Con lanzamientos en sellos como\u00a0<strong>Infinite Machine<\/strong>\u00a0y\u00a0<strong>Terminal<\/strong>, Microhm ha consolidado un sonido propio: visceral, minimalista y profundamente emocional. Sus DJ sets y presentaciones en vivo oscilan entre la pista de baile y el espacio inmersivo, donde cada mezcla es una narrativa sonora que rompe con las estructuras convencionales del club. Actualmente reside entre Ciudad de M\u00e9xico y Berl\u00edn, donde es\u00a0<strong>DAAD Sound &amp; Music Fellow 2025<\/strong> como parte de Interspecifics.<\/p>\n<\/div>\n<\/div>\n\n\n\n<p><strong>Tech Rider dj set: <\/strong><\/p>\n\n\n\n<ul class=\"wp-block-list\">\n<li><strong>3 CDJ\u2019s Pionner CDJ-3000.<\/strong><\/li>\n\n\n\n<li><strong>1 Mixer Pionner DJM-A9<\/strong><\/li>\n\n\n\n<li><strong>Monitoring:<\/strong>\n<ul class=\"wp-block-list\">\n<li>1 x High-quality stage monitor (positioned left\/front)<\/li>\n\n\n\n<li>Independent monitor volume control preferred<\/li>\n<\/ul>\n<\/li>\n\n\n\n<li><strong>FOH Requirements:<\/strong>\n<ul class=\"wp-block-list\">\n<li>Flat EQ unless otherwise requested<\/li>\n\n\n\n<li>No added compression or reverb at FOH<\/li>\n<\/ul>\n<\/li>\n<\/ul>\n\n\n\n<p><strong>Press pictures: <\/strong><\/p>\n\n\n\n<p><a href=\"https:\/\/drive.google.com\/file\/d\/1VVL6FjlvX6HWQ_8JZHd_VEigtMbybObL\/view?usp=share_link\">https:\/\/drive.google.com\/file\/d\/1VVL6FjlvX6HWQ_8JZHd_VEigtMbybObL\/view?usp=share_link<\/a><\/p>\n\n\n\n<p><a href=\"https:\/\/drive.google.com\/file\/d\/1JftYFq9_XydwsgLVRCwX6auMkXK1mc4R\/view?usp=share_link\">https:\/\/drive.google.com\/file\/d\/1JftYFq9_XydwsgLVRCwX6auMkXK1mc4R\/view?usp=share_link<\/a><\/p>\n\n\n\n<hr class=\"wp-block-separator has-css-opacity\"\/>\n\n\n\n<ul class=\"wp-block-social-links is-layout-flex wp-block-social-links-is-layout-flex\"><li class=\"wp-social-link wp-social-link-spotify  wp-block-social-link\"><a href=\"https:\/\/open.spotify.com\/artist\/2R34QK2WtkeIezUVWOEjRN?si=Ta_chUf5RkGACmgJrXiYXw\" class=\"wp-block-social-link-anchor\"><svg width=\"24\" height=\"24\" viewBox=\"0 0 24 24\" version=\"1.1\" xmlns=\"http:\/\/www.w3.org\/2000\/svg\" aria-hidden=\"true\" focusable=\"false\"><path d=\"M12,2C6.477,2,2,6.477,2,12c0,5.523,4.477,10,10,10c5.523,0,10-4.477,10-10C22,6.477,17.523,2,12,2 M16.586,16.424 c-0.18,0.295-0.563,0.387-0.857,0.207c-2.348-1.435-5.304-1.76-8.785-0.964c-0.335,0.077-0.67-0.133-0.746-0.469 c-0.077-0.335,0.132-0.67,0.469-0.746c3.809-0.871,7.077-0.496,9.713,1.115C16.673,15.746,16.766,16.13,16.586,16.424 M17.81,13.7 c-0.226,0.367-0.706,0.482-1.072,0.257c-2.687-1.652-6.785-2.131-9.965-1.166C6.36,12.917,5.925,12.684,5.8,12.273 C5.675,11.86,5.908,11.425,6.32,11.3c3.632-1.102,8.147-0.568,11.234,1.328C17.92,12.854,18.035,13.335,17.81,13.7 M17.915,10.865 c-3.223-1.914-8.54-2.09-11.618-1.156C5.804,9.859,5.281,9.58,5.131,9.086C4.982,8.591,5.26,8.069,5.755,7.919 c3.532-1.072,9.404-0.865,13.115,1.338c0.445,0.264,0.59,0.838,0.327,1.282C18.933,10.983,18.359,11.129,17.915,10.865\"><\/path><\/svg><span class=\"wp-block-social-link-label screen-reader-text\">Spotify<\/span><\/a><\/li>\n\n<li class=\"wp-social-link wp-social-link-soundcloud  wp-block-social-link\"><a href=\"https:\/\/soundcloud.com\/im-microhm\" class=\"wp-block-social-link-anchor\"><svg width=\"24\" height=\"24\" viewBox=\"0 0 24 24\" version=\"1.1\" xmlns=\"http:\/\/www.w3.org\/2000\/svg\" aria-hidden=\"true\" focusable=\"false\"><path d=\"M8.9,16.1L9,14L8.9,9.5c0-0.1,0-0.1-0.1-0.1c0,0-0.1-0.1-0.1-0.1c-0.1,0-0.1,0-0.1,0.1c0,0-0.1,0.1-0.1,0.1L8.3,14l0.1,2.1 c0,0.1,0,0.1,0.1,0.1c0,0,0.1,0.1,0.1,0.1C8.8,16.3,8.9,16.3,8.9,16.1z M11.4,15.9l0.1-1.8L11.4,9c0-0.1,0-0.2-0.1-0.2 c0,0-0.1,0-0.1,0s-0.1,0-0.1,0c-0.1,0-0.1,0.1-0.1,0.2l0,0.1l-0.1,5c0,0,0,0.7,0.1,2v0c0,0.1,0,0.1,0.1,0.1c0.1,0.1,0.1,0.1,0.2,0.1 c0.1,0,0.1,0,0.2-0.1c0.1,0,0.1-0.1,0.1-0.2L11.4,15.9z M2.4,12.9L2.5,14l-0.2,1.1c0,0.1,0,0.1-0.1,0.1c0,0-0.1,0-0.1-0.1L2.1,14 l0.1-1.1C2.2,12.9,2.3,12.9,2.4,12.9C2.3,12.9,2.4,12.9,2.4,12.9z M3.1,12.2L3.3,14l-0.2,1.8c0,0.1,0,0.1-0.1,0.1 c-0.1,0-0.1,0-0.1-0.1L2.8,14L3,12.2C3,12.2,3,12.2,3.1,12.2C3.1,12.2,3.1,12.2,3.1,12.2z M3.9,11.9L4.1,14l-0.2,2.1 c0,0.1,0,0.1-0.1,0.1c-0.1,0-0.1,0-0.1-0.1L3.5,14l0.2-2.1c0-0.1,0-0.1,0.1-0.1C3.9,11.8,3.9,11.8,3.9,11.9z M4.7,11.9L4.9,14 l-0.2,2.1c0,0.1-0.1,0.1-0.1,0.1c-0.1,0-0.1,0-0.1-0.1L4.3,14l0.2-2.2c0-0.1,0-0.1,0.1-0.1C4.7,11.7,4.7,11.8,4.7,11.9z M5.6,12 l0.2,2l-0.2,2.1c0,0.1-0.1,0.1-0.1,0.1c0,0-0.1,0-0.1,0c0,0,0-0.1,0-0.1L5.1,14l0.2-2c0,0,0-0.1,0-0.1s0.1,0,0.1,0 C5.5,11.9,5.5,11.9,5.6,12L5.6,12z M6.4,10.7L6.6,14l-0.2,2.1c0,0,0,0.1,0,0.1c0,0-0.1,0-0.1,0c-0.1,0-0.1-0.1-0.2-0.2L5.9,14 l0.2-3.3c0-0.1,0.1-0.2,0.2-0.2c0,0,0.1,0,0.1,0C6.4,10.7,6.4,10.7,6.4,10.7z M7.2,10l0.2,4.1l-0.2,2.1c0,0,0,0.1,0,0.1 c0,0-0.1,0-0.1,0c-0.1,0-0.2-0.1-0.2-0.2l-0.1-2.1L6.8,10c0-0.1,0.1-0.2,0.2-0.2c0,0,0.1,0,0.1,0S7.2,9.9,7.2,10z M8,9.6L8.2,14 L8,16.1c0,0.1-0.1,0.2-0.2,0.2c-0.1,0-0.2-0.1-0.2-0.2L7.5,14l0.1-4.4c0-0.1,0-0.1,0.1-0.1c0,0,0.1-0.1,0.1-0.1c0.1,0,0.1,0,0.1,0.1 C8,9.6,8,9.6,8,9.6z M11.4,16.1L11.4,16.1L11.4,16.1z M9.7,9.6L9.8,14l-0.1,2.1c0,0.1,0,0.1-0.1,0.2s-0.1,0.1-0.2,0.1 c-0.1,0-0.1,0-0.1-0.1s-0.1-0.1-0.1-0.2L9.2,14l0.1-4.4c0-0.1,0-0.1,0.1-0.2s0.1-0.1,0.2-0.1c0.1,0,0.1,0,0.2,0.1S9.7,9.5,9.7,9.6 L9.7,9.6z M10.6,9.8l0.1,4.3l-0.1,2c0,0.1,0,0.1-0.1,0.2c0,0-0.1,0.1-0.2,0.1c-0.1,0-0.1,0-0.2-0.1c0,0-0.1-0.1-0.1-0.2L10,14 l0.1-4.3c0-0.1,0-0.1,0.1-0.2c0,0,0.1-0.1,0.2-0.1c0.1,0,0.1,0,0.2,0.1S10.6,9.7,10.6,9.8z M12.4,14l-0.1,2c0,0.1,0,0.1-0.1,0.2 c-0.1,0.1-0.1,0.1-0.2,0.1c-0.1,0-0.1,0-0.2-0.1c-0.1-0.1-0.1-0.1-0.1-0.2l-0.1-1l-0.1-1l0.1-5.5v0c0-0.1,0-0.2,0.1-0.2 c0.1,0,0.1-0.1,0.2-0.1c0,0,0.1,0,0.1,0c0.1,0,0.1,0.1,0.1,0.2L12.4,14z M22.1,13.9c0,0.7-0.2,1.3-0.7,1.7c-0.5,0.5-1.1,0.7-1.7,0.7 h-6.8c-0.1,0-0.1,0-0.2-0.1c-0.1-0.1-0.1-0.1-0.1-0.2V8.2c0-0.1,0.1-0.2,0.2-0.3c0.5-0.2,1-0.3,1.6-0.3c1.1,0,2.1,0.4,2.9,1.1 c0.8,0.8,1.3,1.7,1.4,2.8c0.3-0.1,0.6-0.2,1-0.2c0.7,0,1.3,0.2,1.7,0.7C21.8,12.6,22.1,13.2,22.1,13.9L22.1,13.9z\"><\/path><\/svg><span class=\"wp-block-social-link-label screen-reader-text\">SoundCloud<\/span><\/a><\/li>\n\n<li class=\"wp-social-link wp-social-link-bandcamp  wp-block-social-link\"><a href=\"https:\/\/microhm.bandcamp.com\/\" class=\"wp-block-social-link-anchor\"><svg width=\"24\" height=\"24\" viewBox=\"0 0 24 24\" version=\"1.1\" xmlns=\"http:\/\/www.w3.org\/2000\/svg\" aria-hidden=\"true\" focusable=\"false\"><path d=\"M15.27 17.289 3 17.289 8.73 6.711 21 6.711 15.27 17.289\"><\/path><\/svg><span class=\"wp-block-social-link-label screen-reader-text\">Bandcamp<\/span><\/a><\/li>\n\n<li class=\"wp-social-link wp-social-link-youtube  wp-block-social-link\"><a href=\"https:\/\/www.youtube.com\/channel\/UCCZs3IeviXvQ5pjxORfbxdA\" class=\"wp-block-social-link-anchor\"><svg width=\"24\" height=\"24\" viewBox=\"0 0 24 24\" version=\"1.1\" xmlns=\"http:\/\/www.w3.org\/2000\/svg\" aria-hidden=\"true\" focusable=\"false\"><path d=\"M21.8,8.001c0,0-0.195-1.378-0.795-1.985c-0.76-0.797-1.613-0.801-2.004-0.847c-2.799-0.202-6.997-0.202-6.997-0.202 h-0.009c0,0-4.198,0-6.997,0.202C4.608,5.216,3.756,5.22,2.995,6.016C2.395,6.623,2.2,8.001,2.2,8.001S2,9.62,2,11.238v1.517 c0,1.618,0.2,3.237,0.2,3.237s0.195,1.378,0.795,1.985c0.761,0.797,1.76,0.771,2.205,0.855c1.6,0.153,6.8,0.201,6.8,0.201 s4.203-0.006,7.001-0.209c0.391-0.047,1.243-0.051,2.004-0.847c0.6-0.607,0.795-1.985,0.795-1.985s0.2-1.618,0.2-3.237v-1.517 C22,9.62,21.8,8.001,21.8,8.001z M9.935,14.594l-0.001-5.62l5.404,2.82L9.935,14.594z\"><\/path><\/svg><span class=\"wp-block-social-link-label screen-reader-text\">YouTube<\/span><\/a><\/li><\/ul>\n\n\n\n<hr class=\"wp-block-separator has-css-opacity\"\/>\n<\/div><\/div>\n\n\n\n<figure class=\"wp-block-image size-large is-resized\"><a href=\"https:\/\/on.soundcloud.com\/srvwAAqtMTA98jey7\"><img loading=\"lazy\" decoding=\"async\" width=\"580\" height=\"585\" src=\"https:\/\/lessnullvoid.cc\/content\/wp-content\/uploads\/2024\/10\/ENTRELAZADA-TAPA-580x585.png\" alt=\"\" class=\"wp-image-1934\" style=\"width:776px;height:auto\" srcset=\"https:\/\/lessnullvoid.cc\/content\/wp-content\/uploads\/2024\/10\/ENTRELAZADA-TAPA-580x585.png 580w, https:\/\/lessnullvoid.cc\/content\/wp-content\/uploads\/2024\/10\/ENTRELAZADA-TAPA-283x285.png 283w, https:\/\/lessnullvoid.cc\/content\/wp-content\/uploads\/2024\/10\/ENTRELAZADA-TAPA-145x145.png 145w, https:\/\/lessnullvoid.cc\/content\/wp-content\/uploads\/2024\/10\/ENTRELAZADA-TAPA-768x774.png 768w, https:\/\/lessnullvoid.cc\/content\/wp-content\/uploads\/2024\/10\/ENTRELAZADA-TAPA-1524x1536.png 1524w, https:\/\/lessnullvoid.cc\/content\/wp-content\/uploads\/2024\/10\/ENTRELAZADA-TAPA-1000x1008.png 1000w, https:\/\/lessnullvoid.cc\/content\/wp-content\/uploads\/2024\/10\/ENTRELAZADA-TAPA.png 2000w\" sizes=\"auto, (max-width: 580px) 100vw, 580px\" \/><\/a><\/figure>\n\n\n\n<figure class=\"wp-block-image size-large is-resized\"><a href=\"https:\/\/on.soundcloud.com\/UhhWsDSLySxoQVrRA\"><img loading=\"lazy\" decoding=\"async\" width=\"585\" height=\"585\" src=\"https:\/\/lessnullvoid.cc\/content\/wp-content\/uploads\/2023\/11\/Portada-Desvanecer-4000-1-585x585.png\" alt=\"\" class=\"wp-image-1918\" style=\"width:775px;height:775px\" srcset=\"https:\/\/lessnullvoid.cc\/content\/wp-content\/uploads\/2023\/11\/Portada-Desvanecer-4000-1-585x585.png 585w, https:\/\/lessnullvoid.cc\/content\/wp-content\/uploads\/2023\/11\/Portada-Desvanecer-4000-1-285x285.png 285w, https:\/\/lessnullvoid.cc\/content\/wp-content\/uploads\/2023\/11\/Portada-Desvanecer-4000-1-145x145.png 145w, https:\/\/lessnullvoid.cc\/content\/wp-content\/uploads\/2023\/11\/Portada-Desvanecer-4000-1-768x768.png 768w, https:\/\/lessnullvoid.cc\/content\/wp-content\/uploads\/2023\/11\/Portada-Desvanecer-4000-1-1536x1536.png 1536w, https:\/\/lessnullvoid.cc\/content\/wp-content\/uploads\/2023\/11\/Portada-Desvanecer-4000-1-2048x2048.png 2048w, https:\/\/lessnullvoid.cc\/content\/wp-content\/uploads\/2023\/11\/Portada-Desvanecer-4000-1-1000x1000.png 1000w\" sizes=\"auto, (max-width: 585px) 100vw, 585px\" \/><\/a><\/figure>\n\n\n\n<figure class=\"wp-block-image size-large is-resized\"><img decoding=\"async\" src=\"https:\/\/lessnullvoid.cc\/content\/wp-content\/uploads\/2023\/08\/PORTADA_4X.jpg\" alt=\"\" class=\"wp-image-1909\" style=\"width:772px;height:772px\"\/><\/figure>\n\n\n\n<figure class=\"wp-block-gallery alignwide has-nested-images columns-default is-cropped wp-block-gallery-1 is-layout-flex wp-block-gallery-is-layout-flex\">\n<figure class=\"wp-block-image size-large\"><img loading=\"lazy\" decoding=\"async\" width=\"585\" height=\"585\" data-id=\"1799\" src=\"https:\/\/lessnullvoid.cc\/content\/wp-content\/uploads\/2020\/05\/frMicrohm2-585x585.jpg\" alt=\"\" class=\"wp-image-1799\" srcset=\"https:\/\/lessnullvoid.cc\/content\/wp-content\/uploads\/2020\/05\/frMicrohm2-585x585.jpg 585w, https:\/\/lessnullvoid.cc\/content\/wp-content\/uploads\/2020\/05\/frMicrohm2-185x185.jpg 185w, https:\/\/lessnullvoid.cc\/content\/wp-content\/uploads\/2020\/05\/frMicrohm2-285x285.jpg 285w\" sizes=\"auto, (max-width: 585px) 100vw, 585px\" \/><\/figure>\n\n\n\n<figure class=\"wp-block-image size-large\"><img decoding=\"async\" data-id=\"1896\" src=\"https:\/\/lessnullvoid.cc\/content\/wp-content\/uploads\/2020\/10\/trans_orc02_microhm.jpg\" alt=\"An old pencil drawing of Don Quixote and Sancho Panza sitting on their horses, by Wilhelm Marstrand.\" class=\"wp-image-1896\"\/><\/figure>\n<\/figure>\n\n\n\n<figure class=\"wp-block-gallery alignwide has-nested-images columns-default is-cropped wp-block-gallery-2 is-layout-flex wp-block-gallery-is-layout-flex\">\n<figure class=\"wp-block-image size-large\"><img loading=\"lazy\" decoding=\"async\" width=\"585\" height=\"585\" data-id=\"1797\" src=\"https:\/\/lessnullvoid.cc\/content\/wp-content\/uploads\/2020\/05\/SERVICIO-585x585.jpg\" alt=\"\" class=\"wp-image-1797\" srcset=\"https:\/\/lessnullvoid.cc\/content\/wp-content\/uploads\/2020\/05\/SERVICIO-585x585.jpg 585w, https:\/\/lessnullvoid.cc\/content\/wp-content\/uploads\/2020\/05\/SERVICIO-185x185.jpg 185w, https:\/\/lessnullvoid.cc\/content\/wp-content\/uploads\/2020\/05\/SERVICIO-285x285.jpg 285w\" sizes=\"auto, (max-width: 585px) 100vw, 585px\" \/><\/figure>\n\n\n\n<figure class=\"wp-block-image size-large\"><img loading=\"lazy\" decoding=\"async\" width=\"585\" height=\"585\" data-id=\"1793\" src=\"https:\/\/lessnullvoid.cc\/content\/wp-content\/uploads\/2020\/05\/PORTADA_A-585x585.jpg\" alt=\"\" class=\"wp-image-1793\" srcset=\"https:\/\/lessnullvoid.cc\/content\/wp-content\/uploads\/2020\/05\/PORTADA_A-585x585.jpg 585w, https:\/\/lessnullvoid.cc\/content\/wp-content\/uploads\/2020\/05\/PORTADA_A-185x185.jpg 185w, https:\/\/lessnullvoid.cc\/content\/wp-content\/uploads\/2020\/05\/PORTADA_A-285x285.jpg 285w\" sizes=\"auto, (max-width: 585px) 100vw, 585px\" \/><\/figure>\n<\/figure>\n\n\n\n<figure class=\"wp-block-gallery alignwide has-nested-images columns-default is-cropped wp-block-gallery-3 is-layout-flex wp-block-gallery-is-layout-flex\">\n<figure class=\"wp-block-image size-large\"><img loading=\"lazy\" decoding=\"async\" width=\"585\" height=\"585\" data-id=\"1798\" src=\"https:\/\/lessnullvoid.cc\/content\/wp-content\/uploads\/2020\/05\/wityou-585x585.jpg\" alt=\"\" class=\"wp-image-1798\" srcset=\"https:\/\/lessnullvoid.cc\/content\/wp-content\/uploads\/2020\/05\/wityou-585x585.jpg 585w, https:\/\/lessnullvoid.cc\/content\/wp-content\/uploads\/2020\/05\/wityou-185x185.jpg 185w, https:\/\/lessnullvoid.cc\/content\/wp-content\/uploads\/2020\/05\/wityou-285x285.jpg 285w\" sizes=\"auto, (max-width: 585px) 100vw, 585px\" \/><\/figure>\n\n\n\n<figure class=\"wp-block-image size-large\"><img loading=\"lazy\" decoding=\"async\" width=\"585\" height=\"585\" data-id=\"1796\" src=\"https:\/\/lessnullvoid.cc\/content\/wp-content\/uploads\/2020\/05\/ESPECTRAL-585x585.jpg\" alt=\"\" class=\"wp-image-1796\" srcset=\"https:\/\/lessnullvoid.cc\/content\/wp-content\/uploads\/2020\/05\/ESPECTRAL-585x585.jpg 585w, https:\/\/lessnullvoid.cc\/content\/wp-content\/uploads\/2020\/05\/ESPECTRAL-185x185.jpg 185w, https:\/\/lessnullvoid.cc\/content\/wp-content\/uploads\/2020\/05\/ESPECTRAL-285x285.jpg 285w\" sizes=\"auto, (max-width: 585px) 100vw, 585px\" \/><\/figure>\n<\/figure>\n\n\n\n<figure class=\"wp-block-gallery alignwide has-nested-images columns-default is-cropped wp-block-gallery-4 is-layout-flex wp-block-gallery-is-layout-flex\">\n<figure class=\"wp-block-image size-large\"><img loading=\"lazy\" decoding=\"async\" width=\"585\" height=\"585\" data-id=\"1794\" src=\"https:\/\/lessnullvoid.cc\/content\/wp-content\/uploads\/2020\/05\/inmaterial2-585x585.jpg\" alt=\"\" class=\"wp-image-1794\" srcset=\"https:\/\/lessnullvoid.cc\/content\/wp-content\/uploads\/2020\/05\/inmaterial2-585x585.jpg 585w, https:\/\/lessnullvoid.cc\/content\/wp-content\/uploads\/2020\/05\/inmaterial2-185x185.jpg 185w, https:\/\/lessnullvoid.cc\/content\/wp-content\/uploads\/2020\/05\/inmaterial2-285x285.jpg 285w\" sizes=\"auto, (max-width: 585px) 100vw, 585px\" \/><\/figure>\n\n\n\n<figure class=\"wp-block-image size-large\"><img loading=\"lazy\" decoding=\"async\" width=\"585\" height=\"585\" data-id=\"1795\" src=\"https:\/\/lessnullvoid.cc\/content\/wp-content\/uploads\/2020\/05\/STA098-Cover-585x585.jpg\" alt=\"\" class=\"wp-image-1795\" srcset=\"https:\/\/lessnullvoid.cc\/content\/wp-content\/uploads\/2020\/05\/STA098-Cover-585x585.jpg 585w, https:\/\/lessnullvoid.cc\/content\/wp-content\/uploads\/2020\/05\/STA098-Cover-185x185.jpg 185w, https:\/\/lessnullvoid.cc\/content\/wp-content\/uploads\/2020\/05\/STA098-Cover-285x285.jpg 285w\" sizes=\"auto, (max-width: 585px) 100vw, 585px\" \/><\/figure>\n<\/figure>\n\n\n\n<hr class=\"wp-block-separator has-css-opacity\"\/>\n\n\n\n<h5 class=\"wp-block-heading\"><strong>Released EP:<\/strong><\/h5>\n\n\n\n<ul class=\"wp-block-list\">\n<li><strong>Entrelazada [ Terminal ] :<\/strong> <a href=\"https:\/\/on.soundcloud.com\/owzhf3vP9feYsMYu6\">https:\/\/on.soundcloud.com\/owzhf3vP9feYsMYu6<\/a><\/li>\n\n\n\n<li><strong>Desvanecer [ Infinite Machine] :<\/strong> <a href=\"https:\/\/on.soundcloud.com\/P4G23EZ7bBDa7VMs8\">https:\/\/on.soundcloud.com\/P4G23EZ7bBDa7VMs8<\/a><\/li>\n\n\n\n<li><strong>LES-1 [Detroit Underground]<\/strong>: <a href=\"https:\/\/microhm.bandcamp.com\/album\/les-1\" data-type=\"URL\" data-id=\"https:\/\/microhm.bandcamp.com\/album\/les-1\">https:\/\/microhm.bandcamp.com\/album\/les-1<\/a><\/li>\n\n\n\n<li><strong>Space Time Foam: <\/strong><a href=\"https:\/\/antimateriasonora.bandcamp.com\/album\/microhm-space-time-foam-ep-as013\" data-type=\"URL\" data-id=\"https:\/\/antimateriasonora.bandcamp.com\/album\/microhm-space-time-foam-ep-as013\">https:\/\/antimateriasonora.bandcamp.com\/album\/microhm-space-time-foam-ep-as013<\/a><\/li>\n\n\n\n<li><strong>Lost in Elastic Time :<\/strong><a href=\"https:\/\/tambien.bandcamp.com\/album\/lost-in-elastic-time\">https:\/\/tambien.bandcamp.com\/album\/lost-in-elastic-time<\/a><\/li>\n\n\n\n<li><strong>Transmutation: <\/strong><a href=\"https:\/\/orislabel.bandcamp.com\/album\/transmutation\">https:\/\/orislabel.bandcamp.com\/album\/transmutation<\/a><\/li>\n\n\n\n<li><strong>Fire Rituals: <\/strong><a href=\"https:\/\/microhm.bandcamp.com\/album\/fire-rituals\">https:\/\/microhm.bandcamp.com\/album\/fire-rituals<\/a><\/li>\n\n\n\n<li><strong>Infinita Incertidumbre :<\/strong><a href=\"https:\/\/lowmute.bandcamp.com\/album\/microhm-infinita-incertidumbre-ep\">https:\/\/lowmute.bandcamp.com\/album\/microhm-infinita-incertidumbre-ep<\/a><\/li>\n\n\n\n<li><strong>Inmaterial Energy Waves: <\/strong><a href=\"https:\/\/microhm.bandcamp.com\/album\/inmaterial-energy-waves\">https:\/\/microhm.bandcamp.com\/album\/inmaterial-energy-waves<\/a><\/li>\n\n\n\n<li><strong>Eternal Night:<\/strong><a href=\"https:\/\/microhm.bandcamp.com\/album\/eternal-night-ep\">https:\/\/microhm.bandcamp.com\/album\/eternal-night-ep<\/a><\/li>\n<\/ul>\n\n\n\n<h5 class=\"wp-block-heading\"><strong>Released singles:<\/strong><\/h5>\n\n\n\n<ul class=\"wp-block-list\">\n<li><strong>Abrazo :<\/strong> <a href=\"https:\/\/orislabel.bandcamp.com\/track\/abrazo\">https:\/\/orislabel.bandcamp.com\/track\/abrazo<\/a><\/li>\n\n\n\n<li><strong>Kyoke :<\/strong> <a href=\"https:\/\/yuyuclub.bandcamp.com\/track\/kyoke\">https:\/\/yuyuclub.bandcamp.com\/track\/kyoke<\/a><\/li>\n\n\n\n<li><strong>Espectral:<\/strong> <a href=\"https:\/\/microhm.bandcamp.com\/track\/espectral-single\">https:\/\/microhm.bandcamp.com\/track\/espectral-single<\/a><\/li>\n\n\n\n<li><strong>With you: <\/strong><a href=\"https:\/\/microhm.bandcamp.com\/track\/with-you-single\">https:\/\/microhm.bandcamp.com\/track\/with-you-single<\/a><\/li>\n\n\n\n<li><strong>Servicio Magn\u00e9tico:<\/strong> <a href=\"https:\/\/microhm.bandcamp.com\/track\/servicio-magn-tico-single\">https:\/\/microhm.bandcamp.com\/track\/servicio-magn-tico-single<\/a><\/li>\n<\/ul>\n\n\n\n<h5 class=\"wp-block-heading\"><strong>Released Mixtapes:<\/strong><\/h5>\n\n\n\n<ul class=\"wp-block-list\">\n<li><strong>Microhm @  TraTraTrax:<\/strong> <a href=\"https:\/\/on.soundcloud.com\/Tnsjm7EuE2rWTXhv7\">https:\/\/on.soundcloud.com\/Tnsjm7EuE2rWTXhv7<\/a><\/li>\n\n\n\n<li><strong>Microhm @  Dublab:<\/strong> <a href=\"https:\/\/on.soundcloud.com\/YiA3dMfN6SXaKoH96\">https:\/\/on.soundcloud.com\/YiA3dMfN6SXaKoH96<\/a><\/li>\n\n\n\n<li><strong>House of Leo- Microhm b2b Milena Pafundi:<\/strong> <a href=\"https:\/\/soundcloud.com\/im-microhm\/house-of-leo-yu-yu-fragmento\" data-type=\"URL\" data-id=\"https:\/\/soundcloud.com\/im-microhm\/house-of-leo-yu-yu-fragmento\">https:\/\/soundcloud.com\/im-microhm\/house-of-leo-yu-yu-fragmento<\/a><\/li>\n\n\n\n<li><strong>Microhm b2b Chanty XP:<\/strong> <a href=\"https:\/\/soundcloud.com\/im-microhm\/microhm-b2b-chanty-xp_ext-speed-moment\" data-type=\"URL\" data-id=\"https:\/\/soundcloud.com\/im-microhm\/microhm-b2b-chanty-xp_ext-speed-moment\">https:\/\/soundcloud.com\/im-microhm\/microhm-b2b-chanty-xp_ext-speed-moment<\/a><\/li>\n\n\n\n<li><strong>Lost In Sound VOL.1<\/strong> : <a href=\"https:\/\/soundcloud.com\/im-microhm\/microhm-lost-in-sound-vol-1\" data-type=\"URL\" data-id=\"https:\/\/soundcloud.com\/im-microhm\/microhm-lost-in-sound-vol-1\">https:\/\/soundcloud.com\/im-microhm\/microhm-lost-in-sound-vol-1<\/a><\/li>\n\n\n\n<li><strong>XLR8R :<\/strong> <a href=\"https:\/\/orislabel.bandcamp.com\/track\/abrazo\">https:\/\/xlr8r.com\/podcasts\/podcast-602-microhm\/<\/a><\/li>\n\n\n\n<li><strong>Pantamuzik show :<\/strong> <a href=\"https:\/\/yuyuclub.bandcamp.com\/track\/kyoke\">https:\/\/soundcloud.com\/im-microhm\/microhm-threads-radio<\/a><\/li>\n\n\n\n<li><strong>Becoming Cyborg:<\/strong> <a href=\"https:\/\/microhm.bandcamp.com\/track\/espectral-single\">https:\/\/soundcloud.com\/im-microhm\/becoming-cyborg-microhm-dj-set<\/a><\/li>\n\n\n\n<li><strong>Navegantes Nocturnos: <\/strong><a href=\"https:\/\/soundcloud.com\/im-microhm\/mixtape-navegantes-nocturnos\">https:\/\/soundcloud.com\/im-microhm\/mixtape-navegantes-nocturnos<\/a><\/li>\n<\/ul>\n\n\n\n<p><strong>Latam Tapes Series:<\/strong><\/p>\n\n\n\n<ul class=\"wp-block-list\">\n<li><strong>VOL.4 @ NTS RADIO &#8211; CDMX TAPES: <\/strong><a href=\"https:\/\/on.soundcloud.com\/6Pz7B\">https:\/\/on.soundcloud.com\/6Pz7B<\/a><\/li>\n\n\n\n<li><strong>SLOW IS SEXY<\/strong>: <a href=\"https:\/\/on.soundcloud.com\/b35Kh\">https:\/\/on.soundcloud.com\/b35Kh<\/a><\/li>\n\n\n\n<li><strong>VOL.2<\/strong>:<a href=\" https:\/\/on.soundcloud.com\/1WbTb\"> https:\/\/on.soundcloud.com\/1WbTb<\/a><\/li>\n\n\n\n<li><strong>VOL.1:<\/strong> <a href=\"https:\/\/on.soundcloud.com\/mYkyu\">https:\/\/on.soundcloud.com\/mYkyu<\/a><\/li>\n<\/ul>\n\n\n<div class=\"wp-block-image\">\n<figure class=\"aligncenter size-full is-resized\"><img loading=\"lazy\" decoding=\"async\" width=\"5472\" height=\"3648\" src=\"https:\/\/lessnullvoid.cc\/content\/wp-content\/uploads\/2020\/05\/Microhm-Tijuana2.jpg\" alt=\"\" class=\"wp-image-1791\" style=\"width:786px;height:523px\" srcset=\"https:\/\/lessnullvoid.cc\/content\/wp-content\/uploads\/2020\/05\/Microhm-Tijuana2.jpg 5472w, https:\/\/lessnullvoid.cc\/content\/wp-content\/uploads\/2020\/05\/Microhm-Tijuana2-285x190.jpg 285w, https:\/\/lessnullvoid.cc\/content\/wp-content\/uploads\/2020\/05\/Microhm-Tijuana2-585x390.jpg 585w\" sizes=\"auto, (max-width: 5472px) 100vw, 5472px\" \/><\/figure>\n<\/div>\n\n\n<p><\/p>\n","protected":false},"excerpt":{"rendered":"<p>Microhm is the sonic alias of Mexican artist Leslie Garc\u00eda, where she explores the intersections of experimental sound design, Latin diasporic rhythms, and the intensity of contemporary club music. Her practice moves fluidly between music production, live performance, and algorithmic experimentation, crafting dense sonic landscapes shaped by processed noise, minimalist textures, and intricate rhythmic structures. [&hellip;]<\/p>\n","protected":false},"author":1,"featured_media":0,"parent":0,"menu_order":0,"comment_status":"closed","ping_status":"closed","template":"","meta":{"footnotes":""},"class_list":["post-1876","page","type-page","status-publish","hentry"],"_links":{"self":[{"href":"https:\/\/lessnullvoid.cc\/content\/wp-json\/wp\/v2\/pages\/1876","targetHints":{"allow":["GET"]}}],"collection":[{"href":"https:\/\/lessnullvoid.cc\/content\/wp-json\/wp\/v2\/pages"}],"about":[{"href":"https:\/\/lessnullvoid.cc\/content\/wp-json\/wp\/v2\/types\/page"}],"author":[{"embeddable":true,"href":"https:\/\/lessnullvoid.cc\/content\/wp-json\/wp\/v2\/users\/1"}],"replies":[{"embeddable":true,"href":"https:\/\/lessnullvoid.cc\/content\/wp-json\/wp\/v2\/comments?post=1876"}],"version-history":[{"count":41,"href":"https:\/\/lessnullvoid.cc\/content\/wp-json\/wp\/v2\/pages\/1876\/revisions"}],"predecessor-version":[{"id":1940,"href":"https:\/\/lessnullvoid.cc\/content\/wp-json\/wp\/v2\/pages\/1876\/revisions\/1940"}],"wp:attachment":[{"href":"https:\/\/lessnullvoid.cc\/content\/wp-json\/wp\/v2\/media?parent=1876"}],"curies":[{"name":"wp","href":"https:\/\/api.w.org\/{rel}","templated":true}]}}